{"id":10704,"date":"2026-09-03T12:46:58","date_gmt":"2026-09-03T10:46:58","guid":{"rendered":"https:\/\/navarrawine.com\/vinos\/crianza-pagos-de-araiz\/"},"modified":"2026-09-03T14:39:23","modified_gmt":"2026-09-03T12:39:23","slug":"crianza-pagos-de-araiz","status":"publish","type":"vinos","link":"https:\/\/navarrawine.com\/en\/vinos\/crianza-pagos-de-araiz\/","title":{"rendered":"Crianza Pagos de Araiz"},"content":{"rendered":"<p>Recepci\u00f3n de la vendimia, separaci\u00f3n del racimo y encubado bajo control de temperatura y tiempo en la fase prefermentativa. Para optimizar la extracci\u00f3n del contacto del mosto con los hollejos, se cuida la fermentaci\u00f3n alcoh\u00f3lica con remontados y bazuqueos diarios durante 15 d\u00edas a una temperatura controlada para no superar los 28\u00baC. Despu\u00e9s del trasiego, la malol\u00e1ctica se realiza en dep\u00f3sitos de acero inoxidable antes de pasar a una crianza de 11 meses en barricas de roble franc\u00e9s y americano.<\/p>","protected":false},"author":78,"featured_media":10727,"template":"","meta":{"_acf_changed":false,"_et_pb_use_builder":"","_et_pb_old_content":"","_et_gb_content_width":""},"bodegas":[],"class_list":["post-10704","vinos","type-vinos","status-publish","has-post-thumbnail","hentry"],"acf":[],"_links":{"self":[{"href":"https:\/\/navarrawine.com\/en\/wp-json\/wp\/v2\/vinos\/10704","targetHints":{"allow":["GET"]}}],"collection":[{"href":"https:\/\/navarrawine.com\/en\/wp-json\/wp\/v2\/vinos"}],"about":[{"href":"https:\/\/navarrawine.com\/en\/wp-json\/wp\/v2\/types\/vinos"}],"author":[{"embeddable":true,"href":"https:\/\/navarrawine.com\/en\/wp-json\/wp\/v2\/users\/78"}],"wp:featuredmedia":[{"embeddable":true,"href":"https:\/\/navarrawine.com\/en\/wp-json\/wp\/v2\/media\/10727"}],"wp:attachment":[{"href":"https:\/\/navarrawine.com\/en\/wp-json\/wp\/v2\/media?parent=10704"}],"wp:term":[{"taxonomy":"bodegas","embeddable":true,"href":"https:\/\/navarrawine.com\/en\/wp-json\/wp\/v2\/bodegas?post=10704"}],"curies":[{"name":"wp","href":"https:\/\/api.w.org\/{rel}","templated":true}]}}

<p>Recepción de la vendimia, separación del racimo y encubado bajo control de temperatura y tiempo en la fase prefermentativa. Para optimizar la extracción del contacto del mosto con los hollejos, se cuida la fermentación alcohólica con remontados y bazuqueos diarios durante 15 días a una temperatura controlada para no superar los 28ºC. Después del trasiego, la maloláctica se realiza en depósitos de acero inoxidable antes de pasar a una crianza de 11 meses en barricas de roble francés y americano.</p>
