{"id":8137,"date":"2025-07-21T15:10:00","date_gmt":"2025-07-21T13:10:00","guid":{"rendered":"https:\/\/navarrawine.com\/?post_type=bodegas&#038;p=8137"},"modified":"2025-10-21T15:25:26","modified_gmt":"2025-10-21T13:25:26","slug":"bodega-de-sada","status":"publish","type":"bodegas","link":"https:\/\/navarrawine.com\/en\/bodegas\/bodega-de-sada\/","title":{"rendered":"Bodega de Sada"},"content":{"rendered":"<p>Bodega de Sada, fundada en 1939, se encuentra en la Baja Monta\u00f1a, en el Prepirineo navarro. El pueblo cuenta con alrededor de 100 habitantes y se dedica desde anta\u00f1o al cultivo del vi\u00f1edo. La zona se encuentra bajo la influencia de los Pirineos, siendo por ello la maduraci\u00f3n de la uva tard\u00eda, con inviernos fr\u00edos y nieve. Poco m\u00e1s al norte de Sada ya no madura bien la uva.<\/p>\n<p>El vi\u00f1edo lo forman 148 peque\u00f1as parcelas diseminadas alrededor del pueblo. Son 325 Ha de vi\u00f1as, fundamentalmente de garnacha de secano, muchas de ellas viejas, siendo una gran parte transformadas o en vaso.<\/p>\n<p>En 2001 comenzamos a embotellar con nuestra propia marca apostando por de vinos de calidad. As\u00ed nacieron los vinos Palacio de Sada, elaborados con garnacha de clima fr\u00edo de nuestras mejores parcelas, siendo su calidad reconocida desde la primera a\u00f1ada, con un Baco de Oro en 2003. La revista Decanter, por su parte, seleccion\u00f3 en 2015 nuestro Palacio de Sada Crianza 2011 como uno de los dos mejores garnachas de Espa\u00f1a, concedi\u00e9ndole 95 puntos. Recientemente tambi\u00e9n, en 2022, el Concours Grenaches du Monde concedi\u00f3 dos medallas de oro a los vinos de garnacha de Bodega de Sada. Dedicamos a Palacio de Sada nuestras mejores vi\u00f1as y uvas.<\/p>\n<p>Deseamos preservar el medio rural y mejorar la vida en nuestro pueblo.<\/p>\n","protected":false},"excerpt":{"rendered":"<p>Bodega de Sada, fundada en 1939, se encuentra en la Baja Monta\u00f1a, en el Prepirineo navarro. El pueblo cuenta con alrededor de 100 habitantes y se dedica desde anta\u00f1o al cultivo del vi\u00f1edo. La zona se encuentra bajo la influencia de los Pirineos, siendo por ello la maduraci\u00f3n de la uva tard\u00eda, con inviernos fr\u00edos [&hellip;]<\/p>\n","protected":false},"author":20,"featured_media":9664,"template":"","meta":{"_acf_changed":false,"_et_pb_use_builder":"","_et_pb_old_content":"","_et_gb_content_width":"","footnotes":""},"class_list":["post-8137","bodegas","type-bodegas","status-publish","has-post-thumbnail","hentry"],"acf":[],"_links":{"self":[{"href":"https:\/\/navarrawine.com\/en\/wp-json\/wp\/v2\/bodegas\/8137"}],"collection":[{"href":"https:\/\/navarrawine.com\/en\/wp-json\/wp\/v2\/bodegas"}],"about":[{"href":"https:\/\/navarrawine.com\/en\/wp-json\/wp\/v2\/types\/bodegas"}],"author":[{"embeddable":true,"href":"https:\/\/navarrawine.com\/en\/wp-json\/wp\/v2\/users\/20"}],"version-history":[{"count":0,"href":"https:\/\/navarrawine.com\/en\/wp-json\/wp\/v2\/bodegas\/8137\/revisions"}],"wp:featuredmedia":[{"embeddable":true,"href":"https:\/\/navarrawine.com\/en\/wp-json\/wp\/v2\/media\/9664"}],"wp:attachment":[{"href":"https:\/\/navarrawine.com\/en\/wp-json\/wp\/v2\/media?parent=8137"}],"curies":[{"name":"wp","href":"https:\/\/api.w.org\/{rel}","templated":true}]}}

<p>Bodega de Sada, fundada en 1939, se encuentra en la Baja Montaña, en el Prepirineo navarro. El pueblo cuenta con alrededor de 100 habitantes y se dedica desde antaño al cultivo del viñedo. La zona se encuentra bajo la influencia de los Pirineos, siendo por ello la maduración de la uva tardía, con inviernos fríos y nieve. Poco más al norte de Sada ya no madura bien la uva.</p>
<p>El viñedo lo forman 148 pequeñas parcelas diseminadas alrededor del pueblo. Son 325 Ha de viñas, fundamentalmente de garnacha de secano, muchas de ellas viejas, siendo una gran parte transformadas o en vaso.</p>
<p>En 2001 comenzamos a embotellar con nuestra propia marca apostando por de vinos de calidad. Así nacieron los vinos Palacio de Sada, elaborados con garnacha de clima frío de nuestras mejores parcelas, siendo su calidad reconocida desde la primera añada, con un Baco de Oro en 2003. La revista Decanter, por su parte, seleccionó en 2015 nuestro Palacio de Sada Crianza 2011 como uno de los dos mejores garnachas de España, concediéndole 95 puntos. Recientemente también, en 2022, el Concours Grenaches du Monde concedió dos medallas de oro a los vinos de garnacha de Bodega de Sada. Dedicamos a Palacio de Sada nuestras mejores viñas y uvas.</p>
<p>Deseamos preservar el medio rural y mejorar la vida en nuestro pueblo.</p>

<p>Bodega de Sada, fundada en 1939, se encuentra en la Baja Montaña, en el Prepirineo navarro. El pueblo cuenta con alrededor de 100 habitantes y se dedica desde antaño al cultivo del viñedo. La zona se encuentra bajo la influencia de los Pirineos, siendo por ello la maduración de la uva tardía, con inviernos fríos [&hellip;]</p>
