{"id":9751,"date":"2025-10-30T11:17:10","date_gmt":"2025-10-30T10:17:10","guid":{"rendered":"https:\/\/navarrawine.com\/vinos\/garnacha-la-cantera\/"},"modified":"2025-10-30T11:17:10","modified_gmt":"2025-10-30T10:17:10","slug":"garnacha-la-cantera","status":"publish","type":"vinos","link":"https:\/\/navarrawine.com\/de\/vinos\/garnacha-la-cantera\/","title":{"rendered":"GARNACHA LA CANTERA"},"content":{"rendered":"<p>Garnacha aus Spanien, angebaut in der kalten Klimazone DO Navarra<\/p>\n<p>Aus unserem mehr als 70 Jahre alten Weingut \"La Cantera\" gewinnen wir einen delikaten und konzentrierten Garnacha. In F\u00e4ssern f\u00fcr 6 Monate gereift, beh\u00e4lt er die Typizit\u00e4t unserer Garnacha.<\/p>\n<p>Verkostungsnotizen<br \/>\nEr hat eine intensive rubinrote Farbe mit guter Tiefe. Noten von roten Fr\u00fcchten, die sich gut mit den R\u00f6staromen seiner mittleren Reifung verbinden. Am Gaumen rund und einh\u00fcllend mit reifen Tanninen.<\/p>","protected":false},"author":34,"featured_media":9750,"template":"","meta":{"_acf_changed":false,"_et_pb_use_builder":"","_et_pb_old_content":"","_et_gb_content_width":""},"bodegas":[],"class_list":["post-9751","vinos","type-vinos","status-publish","has-post-thumbnail","hentry"],"acf":[],"_links":{"self":[{"href":"https:\/\/navarrawine.com\/de\/wp-json\/wp\/v2\/vinos\/9751","targetHints":{"allow":["GET"]}}],"collection":[{"href":"https:\/\/navarrawine.com\/de\/wp-json\/wp\/v2\/vinos"}],"about":[{"href":"https:\/\/navarrawine.com\/de\/wp-json\/wp\/v2\/types\/vinos"}],"author":[{"embeddable":true,"href":"https:\/\/navarrawine.com\/de\/wp-json\/wp\/v2\/users\/34"}],"wp:featuredmedia":[{"embeddable":true,"href":"https:\/\/navarrawine.com\/de\/wp-json\/wp\/v2\/media\/9750"}],"wp:attachment":[{"href":"https:\/\/navarrawine.com\/de\/wp-json\/wp\/v2\/media?parent=9751"}],"wp:term":[{"taxonomy":"bodegas","embeddable":true,"href":"https:\/\/navarrawine.com\/de\/wp-json\/wp\/v2\/bodegas?post=9751"}],"curies":[{"name":"wp","href":"https:\/\/api.w.org\/{rel}","templated":true}]}}

<p>Garnacha aus Spanien, angebaut in der kalten Klimazone DO Navarra</p>
<p>Aus unserem mehr als 70 Jahre alten Weingut "La Cantera" gewinnen wir einen delikaten und konzentrierten Garnacha. In Fässern für 6 Monate gereift, behält er die Typizität unserer Garnacha.</p>
<p>Verkostungsnotizen<br />
Er hat eine intensive rubinrote Farbe mit guter Tiefe. Noten von roten Früchten, die sich gut mit den Röstaromen seiner mittleren Reifung verbinden. Am Gaumen rund und einhüllend mit reifen Tanninen.</p>
