{"id":9741,"date":"2025-10-29T13:14:53","date_gmt":"2025-10-29T12:14:53","guid":{"rendered":"https:\/\/navarrawine.com\/vinos\/chardonnay-reserva\/"},"modified":"2025-10-29T14:06:13","modified_gmt":"2025-10-29T13:06:13","slug":"chardonnay-reserva","status":"publish","type":"vinos","link":"https:\/\/navarrawine.com\/de\/vinos\/chardonnay-reserva\/","title":{"rendered":"CHARDONNAY RESERVA"},"content":{"rendered":"<p>Einzigartiger Chardonnay Reserva aus Spanien<br \/>\nEs gibt wenige Wei\u00dfweine in Spanien, die in der Lage sind, eine Reserva-Reifung durchzuf\u00fchren und frisch, lebendig, vollmundig und elegant zu bleiben. Dank des einzigartigen Klimas des Monjard\u00edn-Tals erhalten wir die notwendigen Bedingungen, um diese Art von Weinen herzustellen. G\u00e4rung in neuen franz\u00f6sischen Allier-F\u00e4ssern. Reifung auf der Hefe f\u00fcr 14 Monate, mit h\u00e4ufigem Aufr\u00fchren, wodurch ein fetter und runder Gaumen entwickelt wird. Hohe Gastronomie.<\/p>","protected":false},"author":34,"featured_media":9740,"template":"","meta":{"_acf_changed":false,"_et_pb_use_builder":"","_et_pb_old_content":"","_et_gb_content_width":""},"bodegas":[],"class_list":["post-9741","vinos","type-vinos","status-publish","has-post-thumbnail","hentry"],"acf":[],"_links":{"self":[{"href":"https:\/\/navarrawine.com\/de\/wp-json\/wp\/v2\/vinos\/9741","targetHints":{"allow":["GET"]}}],"collection":[{"href":"https:\/\/navarrawine.com\/de\/wp-json\/wp\/v2\/vinos"}],"about":[{"href":"https:\/\/navarrawine.com\/de\/wp-json\/wp\/v2\/types\/vinos"}],"author":[{"embeddable":true,"href":"https:\/\/navarrawine.com\/de\/wp-json\/wp\/v2\/users\/34"}],"wp:featuredmedia":[{"embeddable":true,"href":"https:\/\/navarrawine.com\/de\/wp-json\/wp\/v2\/media\/9740"}],"wp:attachment":[{"href":"https:\/\/navarrawine.com\/de\/wp-json\/wp\/v2\/media?parent=9741"}],"wp:term":[{"taxonomy":"bodegas","embeddable":true,"href":"https:\/\/navarrawine.com\/de\/wp-json\/wp\/v2\/bodegas?post=9741"}],"curies":[{"name":"wp","href":"https:\/\/api.w.org\/{rel}","templated":true}]}}

<p>Einzigartiger Chardonnay Reserva aus Spanien<br />
Es gibt wenige Weißweine in Spanien, die in der Lage sind, eine Reserva-Reifung durchzuführen und frisch, lebendig, vollmundig und elegant zu bleiben. Dank des einzigartigen Klimas des Monjardín-Tals erhalten wir die notwendigen Bedingungen, um diese Art von Weinen herzustellen. Gärung in neuen französischen Allier-Fässern. Reifung auf der Hefe für 14 Monate, mit häufigem Aufrühren, wodurch ein fetter und runder Gaumen entwickelt wird. Hohe Gastronomie.</p>
