{"id":9406,"date":"2025-10-01T14:53:05","date_gmt":"2025-10-01T12:53:05","guid":{"rendered":"https:\/\/navarrawine.com\/vinos\/el-cano-izquierdo\/"},"modified":"2025-10-01T14:53:05","modified_gmt":"2025-10-01T12:53:05","slug":"el-cano-izquierdo","status":"publish","type":"vinos","link":"https:\/\/navarrawine.com\/de\/vinos\/el-cano-izquierdo\/","title":{"rendered":"El Ca\u00f1o Izquierdo"},"content":{"rendered":"<p>Ein Wei\u00dfwein der \"Limited Edition\", hergestellt aus der im Weinberg ausgew\u00e4hlten Rebsorte Viura. Er wird 2 Monate lang auf der Hefe gelagert, um ein s\u00fc\u00dfes und ausgewogenes Mundgef\u00fchl zu erreichen, das die charakteristischen frischen Aromen von wei\u00dfen Blumen, Kernobst, Zitrusfr\u00fcchten und Balsamico erg\u00e4nzt.<\/p>\n<p>Am besten genossen zwischen 8 und 10\u00ba. Ideal f\u00fcr leichte Vorspeisen, Fisch und Meeresfr\u00fcchte, Paellas und wei\u00dfes Fleisch.<\/p>","protected":false},"author":43,"featured_media":9405,"template":"","meta":{"_acf_changed":false,"_et_pb_use_builder":"","_et_pb_old_content":"","_et_gb_content_width":""},"bodegas":[],"class_list":["post-9406","vinos","type-vinos","status-publish","has-post-thumbnail","hentry"],"acf":[],"_links":{"self":[{"href":"https:\/\/navarrawine.com\/de\/wp-json\/wp\/v2\/vinos\/9406","targetHints":{"allow":["GET"]}}],"collection":[{"href":"https:\/\/navarrawine.com\/de\/wp-json\/wp\/v2\/vinos"}],"about":[{"href":"https:\/\/navarrawine.com\/de\/wp-json\/wp\/v2\/types\/vinos"}],"author":[{"embeddable":true,"href":"https:\/\/navarrawine.com\/de\/wp-json\/wp\/v2\/users\/43"}],"wp:featuredmedia":[{"embeddable":true,"href":"https:\/\/navarrawine.com\/de\/wp-json\/wp\/v2\/media\/9405"}],"wp:attachment":[{"href":"https:\/\/navarrawine.com\/de\/wp-json\/wp\/v2\/media?parent=9406"}],"wp:term":[{"taxonomy":"bodegas","embeddable":true,"href":"https:\/\/navarrawine.com\/de\/wp-json\/wp\/v2\/bodegas?post=9406"}],"curies":[{"name":"wp","href":"https:\/\/api.w.org\/{rel}","templated":true}]}}

El Caño Izquierdo

<p>Ein Weißwein der "Limited Edition", hergestellt aus der im Weinberg ausgewählten Rebsorte Viura. Er wird 2 Monate lang auf der Hefe gelagert, um ein süßes und ausgewogenes Mundgefühl zu erreichen, das die charakteristischen frischen Aromen von weißen Blumen, Kernobst, Zitrusfrüchten und Balsamico ergänzt.</p>
<p>Am besten genossen zwischen 8 und 10º. Ideal für leichte Vorspeisen, Fisch und Meeresfrüchte, Paellas und weißes Fleisch.</p>
