{"id":9400,"date":"2025-10-01T14:10:59","date_gmt":"2025-10-01T12:10:59","guid":{"rendered":"https:\/\/navarrawine.com\/vinos\/malon-de-echaide-crianza\/"},"modified":"2025-10-01T14:10:59","modified_gmt":"2025-10-01T12:10:59","slug":"malon-de-echaide-crianza","status":"publish","type":"vinos","link":"https:\/\/navarrawine.com\/de\/vinos\/malon-de-echaide-crianza\/","title":{"rendered":"Mal\u00f3n de Echaide Crianza"},"content":{"rendered":"<p>Er hat eine sch\u00f6ne kirschrote Farbe mit rubinrotem Hintergrund, hell und lebendig. In der Nase zeigt er intensive Aromen von kandierten Fr\u00fcchten mit einer Dominanz von Eichennoten wie Rauch und Ankl\u00e4ngen von Gew\u00fcrzen, Thymian, Rosmarin und Pfeffer. Am Gaumen ist er rund und ausgewogen mit einer guten Struktur, in der sich Frucht und Eiche vereinen. Der Abgang ist lang und sorgt f\u00fcr eine gute Entwicklung.<\/p>\n<p>Guter Begleiter zu Vorspeisen, rotem Fleisch und gereiftem K\u00e4se.<\/p>","protected":false},"author":43,"featured_media":9399,"template":"","meta":{"_acf_changed":false,"_et_pb_use_builder":"","_et_pb_old_content":"","_et_gb_content_width":""},"bodegas":[],"class_list":["post-9400","vinos","type-vinos","status-publish","has-post-thumbnail","hentry"],"acf":[],"_links":{"self":[{"href":"https:\/\/navarrawine.com\/de\/wp-json\/wp\/v2\/vinos\/9400","targetHints":{"allow":["GET"]}}],"collection":[{"href":"https:\/\/navarrawine.com\/de\/wp-json\/wp\/v2\/vinos"}],"about":[{"href":"https:\/\/navarrawine.com\/de\/wp-json\/wp\/v2\/types\/vinos"}],"author":[{"embeddable":true,"href":"https:\/\/navarrawine.com\/de\/wp-json\/wp\/v2\/users\/43"}],"wp:featuredmedia":[{"embeddable":true,"href":"https:\/\/navarrawine.com\/de\/wp-json\/wp\/v2\/media\/9399"}],"wp:attachment":[{"href":"https:\/\/navarrawine.com\/de\/wp-json\/wp\/v2\/media?parent=9400"}],"wp:term":[{"taxonomy":"bodegas","embeddable":true,"href":"https:\/\/navarrawine.com\/de\/wp-json\/wp\/v2\/bodegas?post=9400"}],"curies":[{"name":"wp","href":"https:\/\/api.w.org\/{rel}","templated":true}]}}

Malón de Echaide Crianza

<p>Er hat eine schöne kirschrote Farbe mit rubinrotem Hintergrund, hell und lebendig. In der Nase zeigt er intensive Aromen von kandierten Früchten mit einer Dominanz von Eichennoten wie Rauch und Anklängen von Gewürzen, Thymian, Rosmarin und Pfeffer. Am Gaumen ist er rund und ausgewogen mit einer guten Struktur, in der sich Frucht und Eiche vereinen. Der Abgang ist lang und sorgt für eine gute Entwicklung.</p>
<p>Guter Begleiter zu Vorspeisen, rotem Fleisch und gereiftem Käse.</p>
