{"id":9380,"date":"2025-10-01T13:39:17","date_gmt":"2025-10-01T11:39:17","guid":{"rendered":"https:\/\/navarrawine.com\/vinos\/irache-crianza\/"},"modified":"2025-10-01T13:39:17","modified_gmt":"2025-10-01T11:39:17","slug":"irache-crianza","status":"publish","type":"vinos","link":"https:\/\/navarrawine.com\/de\/vinos\/irache-crianza\/","title":{"rendered":"Irache Crianza"},"content":{"rendered":"<p>Tempranillo-Garnacha.  12 Monate lang gereift. Granatrote Farbe mit rostroten Reflexen. Aromen von Pfirsich, ger\u00f6stetem Holz, Leder und Lakritze. Schmackhafte Tannine. Gute L\u00e4nge am Gaumen.<\/p>\n<p>D.O. Navarra.<\/p>\n<p>Passt zu: Fleisch im Allgemeinen, H\u00fclsenfr\u00fcchte, Eint\u00f6pfe und alle Arten von mediterranen Gerichten.<\/p>","protected":false},"author":41,"featured_media":9379,"template":"","meta":{"_acf_changed":false,"_et_pb_use_builder":"","_et_pb_old_content":"","_et_gb_content_width":""},"bodegas":[],"class_list":["post-9380","vinos","type-vinos","status-publish","has-post-thumbnail","hentry"],"acf":[],"_links":{"self":[{"href":"https:\/\/navarrawine.com\/de\/wp-json\/wp\/v2\/vinos\/9380","targetHints":{"allow":["GET"]}}],"collection":[{"href":"https:\/\/navarrawine.com\/de\/wp-json\/wp\/v2\/vinos"}],"about":[{"href":"https:\/\/navarrawine.com\/de\/wp-json\/wp\/v2\/types\/vinos"}],"author":[{"embeddable":true,"href":"https:\/\/navarrawine.com\/de\/wp-json\/wp\/v2\/users\/41"}],"wp:featuredmedia":[{"embeddable":true,"href":"https:\/\/navarrawine.com\/de\/wp-json\/wp\/v2\/media\/9379"}],"wp:attachment":[{"href":"https:\/\/navarrawine.com\/de\/wp-json\/wp\/v2\/media?parent=9380"}],"wp:term":[{"taxonomy":"bodegas","embeddable":true,"href":"https:\/\/navarrawine.com\/de\/wp-json\/wp\/v2\/bodegas?post=9380"}],"curies":[{"name":"wp","href":"https:\/\/api.w.org\/{rel}","templated":true}]}}

<p>Tempranillo-Garnacha.  12 Monate lang gereift. Granatrote Farbe mit rostroten Reflexen. Aromen von Pfirsich, geröstetem Holz, Leder und Lakritze. Schmackhafte Tannine. Gute Länge am Gaumen.</p>
<p>D.O. Navarra.</p>
<p>Passt zu: Fleisch im Allgemeinen, Hülsenfrüchte, Eintöpfe und alle Arten von mediterranen Gerichten.</p>
