{"id":9029,"date":"2025-09-15T16:02:12","date_gmt":"2025-09-15T14:02:12","guid":{"rendered":"https:\/\/navarrawine.com\/vinos\/edicion-blanca\/"},"modified":"2025-09-15T16:02:12","modified_gmt":"2025-09-15T14:02:12","slug":"edicion-blanca","status":"publish","type":"vinos","link":"https:\/\/navarrawine.com\/de\/vinos\/edicion-blanca\/","title":{"rendered":"Wei\u00dfe Ausgabe"},"content":{"rendered":"<p>Edici\u00f3n Blanca de Pr\u00edncipe de Viana ist eine Wette auf die Synergie von drei Sorten. Wir werden die Typizit\u00e4t der wei\u00dfen Garnacha mit ihren Zitrusnoten, den umschlingenden K\u00f6rper des Chardonnay und die Frische und Lebendigkeit des Sauvignon Blanc finden. Alles markiert durch die Arbeit auf der Hefe.<\/p>","protected":false},"author":51,"featured_media":9028,"template":"","meta":{"_acf_changed":false,"_et_pb_use_builder":"","_et_pb_old_content":"","_et_gb_content_width":""},"bodegas":[],"class_list":["post-9029","vinos","type-vinos","status-publish","has-post-thumbnail","hentry"],"acf":[],"_links":{"self":[{"href":"https:\/\/navarrawine.com\/de\/wp-json\/wp\/v2\/vinos\/9029","targetHints":{"allow":["GET"]}}],"collection":[{"href":"https:\/\/navarrawine.com\/de\/wp-json\/wp\/v2\/vinos"}],"about":[{"href":"https:\/\/navarrawine.com\/de\/wp-json\/wp\/v2\/types\/vinos"}],"author":[{"embeddable":true,"href":"https:\/\/navarrawine.com\/de\/wp-json\/wp\/v2\/users\/51"}],"wp:featuredmedia":[{"embeddable":true,"href":"https:\/\/navarrawine.com\/de\/wp-json\/wp\/v2\/media\/9028"}],"wp:attachment":[{"href":"https:\/\/navarrawine.com\/de\/wp-json\/wp\/v2\/media?parent=9029"}],"wp:term":[{"taxonomy":"bodegas","embeddable":true,"href":"https:\/\/navarrawine.com\/de\/wp-json\/wp\/v2\/bodegas?post=9029"}],"curies":[{"name":"wp","href":"https:\/\/api.w.org\/{rel}","templated":true}]}}

Weiße Ausgabe

<p>Edición Blanca de Príncipe de Viana ist eine Wette auf die Synergie von drei Sorten. Wir werden die Typizität der weißen Garnacha mit ihren Zitrusnoten, den umschlingenden Körper des Chardonnay und die Frische und Lebendigkeit des Sauvignon Blanc finden. Alles markiert durch die Arbeit auf der Hefe.</p>
