{"id":8743,"date":"2025-08-18T16:34:12","date_gmt":"2025-08-18T14:34:12","guid":{"rendered":"https:\/\/navarrawine.com\/vinos\/corazon-de-finca-montijo\/"},"modified":"2025-09-10T17:32:56","modified_gmt":"2025-09-10T15:32:56","slug":"corazon-de-finca-montijo","status":"publish","type":"vinos","link":"https:\/\/navarrawine.com\/de\/vinos\/corazon-de-finca-montijo\/","title":{"rendered":"Das Herz der Finca Montijo"},"content":{"rendered":"<p>Dieser Wein ist eine Hommage an unseren Vater Javier Ochoa. Er stammt aus unserem \u00e4ltesten Weinberg in Olite. Er zeugt von der Gro\u00dfz\u00fcgigkeit der Natur, davon, wie Javier Ochoa all seine Bem\u00fchungen darauf verwendet hat, diese Parzelle zu verstehen und ihr Zeit zu geben. Er hat sein Herzblut hineingesteckt, und deshalb ehrt dieser Wein unseren Vater, das Herz von Ochoa seit langem.<\/p>","protected":false},"author":48,"featured_media":8981,"template":"","meta":{"_acf_changed":false,"_et_pb_use_builder":"","_et_pb_old_content":"","_et_gb_content_width":""},"bodegas":[],"class_list":["post-8743","vinos","type-vinos","status-publish","has-post-thumbnail","hentry"],"acf":[],"_links":{"self":[{"href":"https:\/\/navarrawine.com\/de\/wp-json\/wp\/v2\/vinos\/8743","targetHints":{"allow":["GET"]}}],"collection":[{"href":"https:\/\/navarrawine.com\/de\/wp-json\/wp\/v2\/vinos"}],"about":[{"href":"https:\/\/navarrawine.com\/de\/wp-json\/wp\/v2\/types\/vinos"}],"author":[{"embeddable":true,"href":"https:\/\/navarrawine.com\/de\/wp-json\/wp\/v2\/users\/48"}],"wp:featuredmedia":[{"embeddable":true,"href":"https:\/\/navarrawine.com\/de\/wp-json\/wp\/v2\/media\/8981"}],"wp:attachment":[{"href":"https:\/\/navarrawine.com\/de\/wp-json\/wp\/v2\/media?parent=8743"}],"wp:term":[{"taxonomy":"bodegas","embeddable":true,"href":"https:\/\/navarrawine.com\/de\/wp-json\/wp\/v2\/bodegas?post=8743"}],"curies":[{"name":"wp","href":"https:\/\/api.w.org\/{rel}","templated":true}]}}

<p>Dieser Wein ist eine Hommage an unseren Vater Javier Ochoa. Er stammt aus unserem ältesten Weinberg in Olite. Er zeugt von der Großzügigkeit der Natur, davon, wie Javier Ochoa all seine Bemühungen darauf verwendet hat, diese Parzelle zu verstehen und ihr Zeit zu geben. Er hat sein Herzblut hineingesteckt, und deshalb ehrt dieser Wein unseren Vater, das Herz von Ochoa seit langem.</p>
